est common divisor of 170 and 10?
10
What is the greatest common divisor of 19467 and 35?
7
What is the highest common factor of 20 and 1790?
10
What is the greatest common factor of 300 and 1575?
75
Calculate the greatest common factor of 52 and 481.
13
Calculate the highest common factor of 875 and 35.
35
What is the highest common divisor of 72 and 8?
8
Calculate the highest common divisor of 1507 and 11.
11
What is the highest common divisor of 4160 and 65?
65
What is the highest common divisor of 289 and 119?
17
Calculate the greatest common factor of 1235 and 65.
65
What is the greatest common factor of 403 and 195?
13
Calculate the greatest common factor of 39 and 897.
39
Calculate the highest common divisor of 321 and 12.
3
Calculate the highest common divisor of 13287 and 103.
103
Calculate the highest common factor of 424 and 12.
4
What is the greatest common factor of 1012 and 644?
92
Calculate the highest common factor of 13 and 10114.
13
What is the highest common divisor of 1248 and 3432?
312
What is the highest common factor of 46 and 184?
46
Calculate the highest common factor of 367 and 1.
1
What is the highest common divisor of 3021 and 1590?
159
Calculate the greatest common factor of 2196 and 122.
122
Calculate the highest common divisor of 275 and 264.
11
What is the highest common factor of 90 and 20?
10
Calculate the highest common factor of 40360 and 80.
40
What is the highest common factor of 4 and 16?
4
What is the greatest common divisor of 3 and 138?
3
What is the greatest common factor of 84 and 51?
3
What is the highest common factor of 112 and 952?
56
Calculate the highest common factor of 18 and 6168.
6
What is the greatest common factor of 308 and 644?
28
What is the greatest common divisor of 78 and 4602?
78
What is the greatest common divisor of 1116 and 6510?
186
What is the highest common factor of 99 and 3519?
9
Calculate the highest common divisor of 16 and 23104.
16
Calculate the greatest common divisor of 13 and 5759.
13
Calculate the greatest common factor of 234 and 954.
18
What is the greatest common factor of 28 and 4564?
28
Calculate the greatest common divisor of 1128 and 120.
24
Calculate the highest common factor of 170 and 90.
10
What is the highest common divisor of 27 and 12?
3
What is the highest common divisor of 144 and 216?
72
Calculate the greatest common divisor of 45 and 9120.
15
Calculate the greatest common divisor of 232 and 29.
29
What is the highest common factor of 5 and 365?
5
What is the highest common factor of 1173 and 161?
23
Calculate the greatest common divisor of 12 and 92.
4
Calculate the greatest common divisor of 3230 and 255.
85
Calculate the greatest common divisor of 260 and 5395.
65
Calculate the greatest common factor of 10 and 1790.
10
Calculate the highest common divisor of 50 and 23225.
25
What is the greatest common divisor of 768 and 2592?
96
What is the highest common divisor of 175 and 371?
7
What is the greatest common divisor of 17 and 31?
1
What is the greatest common divisor of 2268 and 392?
28
Calculate the highest common factor of 416 and 64.
32
What is the greatest common factor of 400 and 25?
25
Calculate the highest common divisor of 10674 and 36.
18
Calculate the greatest common divisor of 84 and 2415.
21
What is the highest common factor of 1927 and 656?
41
What is the highest common divisor of 185 and 3?
1
What is the greatest common factor of 110 and 1870?
110
Calculate the greatest common divisor of 18887 and 202.
101
Calculate the greatest common divisor of 96 and 96.
96
What is the highest common divisor of 1278 and 63?
9
Calculate the highest common factor of 62295 and 15.
15
What is the greatest common factor of 707 and 35?
7
What is the highest common divisor of 1809 and 54?
27
Calculate the greatest common factor of 110 and 275.
55
Calculate the highest common factor of 50 and 800.
50
What is the highest common divisor of 6431 and 218?
109
Calculate the highest common factor of 258 and 989.
43
Calculate the highest common divisor of 835 and 10.
5
Calculate the highest common factor of 235 and 5.
5
Calculate the highest common divisor of 148 and 1554.
74
What is the greatest common factor of 27 and 621?
27
Calculate the greatest common factor of 11 and 946.
11
What is the highest common divisor of 22 and 2673?
11
Calculate the highest common divisor of 1001 and 3311.
77
Calculate the greatest common divisor of 70 and 1890.
70
Calculate the highest common factor of 110 and 176.
22
Calculate the greatest common divisor of 120 and 42.
6
Calculate the greatest common divisor of 230 and 115.
115
Calculate the greatest common factor of 4312 and 168.
56
What is the greatest common factor of 380 and 130?
10
What is the highest common divisor of 155 and 5?
5
What is the highest common divisor of 512 and 16?
16
Calculate the highest common divisor of 100 and 4820.
20
What is the greatest common factor of 21 and 777?
21
Calculate the highest common factor of 1074 and 12.
6
Calculate the greatest common factor of 33 and 145200.
33
Calculate the highest common divisor of 144 and 528.
48
Calculate the highest common factor of 168 and 728.
56
Calculate the greatest common factor of 10 and 680.
10
Calculate the highest common factor of 765 and 45.
45
What is the highest common divisor of 42 and 82?
2
What is the greatest common factor of 10761 and 51?
51
What is the greatest common factor of 49 and 112?
7
What is the highest common factor of 65 and 39?
13
Calculate the highest common factor of 110 and 66.
22
What is the greatest common factor of 125 and 18875?
125
Calculate the highest common factor of 703 and 1073.
37
What is the highest common divisor of 656 and 16?
16
What is the highest common divisor of 138 and 1725?
69
What is the highest common factor of 30 and 120?
30
Calculate the greatest common divisor of 161 and 23345.
161
Calculate the greatest common divisor of 2479 and 925.
37
What is the greatest common factor of 1 and 43?
1
What is the highest common factor of 590 and 30?
10
What is the greatest common divisor of 20385 and 135?
135
Calculate the highest common divisor of 143 and 13.
13
Calculate the highest common divisor of 70 and 1372.
14
What is the greatest common divisor of 60 and 255?
15
What is the highest common factor of 80 and 2672?
16
Calculate the greatest common divisor of 40 and 180.
20
What is the highest common divisor of 103 and 7519?
103
What is the greatest common factor of 48936 and 24?
24
What is the highest common factor of 237 and 6557?
79
Calculate the highest common divisor of 518 and 370.
74
Calculate the highest common divisor of 28 and 68236.
28
Calculate the greatest common divisor of 15979 and 19.
19
What is the greatest common factor of 3955 and 28?
7
What is the highest common divisor of 1815 and 22?
11
What is the highest common factor of 12 and 40?
4
What is the greatest common factor of 2772 and 99?
99
What is the greatest common factor of 140 and 80?
20
What is the highest common factor of 279 and 4960?
31
Calculate the highest common divisor of 270 and 2502.
18
What is the greatest common factor of 2628 and 27?
9
What is the greatest common divisor of 28 and 124?
4
What is the highest common factor of 9 and 549?
9
Calculate the greatest common factor of 43 and 2881.
43
Calculate the greatest common factor of 57 and 760.
19
What is the greatest common factor of 10990 and 35?
35
What is the highest common divisor of 1624 and 42?
14
What is the greatest common divisor of 1064 and 42?
14
What is the greatest common divisor of 28 and 28?
28
What is the highest common divisor of 176 and 22?
22
What is the highest common factor of 56 and 791?
7
What is the greatest common factor of 41 and 10660?
41
What is the greatest common factor of 440 and 55?
55
Calculate the highest common divisor of 2142 and 102.
102
Calculate the greatest common factor of 13 and 559.
13
Calculate the highest common factor of 1001 and 99.
11
What is the greatest common divisor of 448 and 14?
14
What is the highest common divisor of 16 and 13408?
16
Calculate the greatest common divisor of 6325 and 165.
55
Calculate the highest common divisor of 5220 and 720.
180
Calculate the highest common factor of 3000 and 2.
2
Calculate the g